 712 + 1941 = m. Is q prime?
True
Let z(x) = x**3 - 10*x**2 + 13*x - 32. Let q be z(9). Suppose 0*j + q*j + 2771 = -5*s, 4*j - 2*s = -2778. Is j*(8/4)/(-4) composite?
False
Let y = -10102 + 1777. Let i = y + 12604. Is i a prime number?
False
Let p be -908 + 4/(-2) + 6 - 4. Let s = -384 - p. Is s - (2/4 - (-45)/18) a prime number?
True
Let h = 495807 - 62714. Is h prime?
True
Suppose -n = -4*q + 12, 3*n - 3*q + 47 = -2*q. Let f(l) = -1342*l - 19. Is f(n) prime?
False
Let q be 99/(-12)*5280/36. Let l = 6484 - q. Is l prime?
False
Suppose -23*u + 1026207 = 213548. Is u a composite number?
True
Let c be 4*(-3)/18*(-4 - -1). Suppose 3*s + 5149 = c*j, -j - 2*s - 475 = -3060. Is j a composite number?
False
Suppose -15*y = -6*y - 20*y + 8276015. Is y a composite number?
True
Is (-1 + 2)*176005*(32/(-40) + 1) a composite number?
False
Is (9062/69)/((-28)/(-6846)) a prime number?
False
Let t(x) = -908*x + 167. Is t(-6) prime?
False
Suppose 2*t = 17 - 29, 3*q - t = 581043. Is q a prime number?
True
Suppose -7*w + 634396 = -821548. Suppose 10*a = w - 25362. Is a prime?
False
Let g = 213 + -1382. Let q = 2250 - g. Is q a prime number?
False
Suppose 27614 = 4*o - 3*k, 0 = 4*o - 5*k + 3691 - 31317. Is o composite?
False
Suppose 26685*d = 26674*d + 510235. Is d composite?
True
Let i(y) be the third derivative of 11*y**5/60 - 3*y**4/4 + 8*y**3/3 + 109*y**2. Is i(15) composite?
False
Suppose 4*v - 5*n - 1491 = 0, -n = -3*v - 5*n + 1095. Is 1 + -8 - v*-12 composite?
False
Let y be -6612 + -75 + (3 - 0). Let b = y - -12017. Is b composite?
False
Suppose -5*k = -l - 62183 - 153756, 0 = k + 3*l - 43191. Suppose 5*x + 2*s = 72011, -3*x + 12*s = 7*s - k. Is x a prime number?
True
Let r(x) = 3026*x**2 + 226*x + 19. Is r(-6) prime?
True
Let c(v) = -12*v**3 - 3*v**2 + 63*v + 2753. Is c(-38) a prime number?
True
Suppose -6*t + 28406 = -9988. Suppose -2*j - u - t = -5*j, 0 = -u. Suppose 491 = -2*d + j. Is d a prime number?
True
Let p = -67 + 69. Let h(z) = 1025*z**3 - z**2 + 9*z - 11. Is h(p) composite?
True
Let o(p) be the first derivative of 4*p**3/3 + 6*p**2 - 19*p - 1450. Let d(q) = q**2 + 2*q - 6. Let v be d(-5). Is o(v) a composite number?
True
Let r = 639 - 636. Suppose 3*h = p - 6386, -5*p + 41563 - 9621 = -r*h. Is p prime?
True
Suppose 23*k - 21*k - 2*r = -44, -2*k = 4*r + 68. Is 4/k - (12 + (-365844)/156) a prime number?
True
Is (-889577 + -2)/((-13)/4 + 36/16) a prime number?
True
Suppose -c - 2*c - 5*x = -532, 2*x - 10 = 0. Suppose -a = -c - 212. Let m = 620 - a. Is m a composite number?
False
Let w = 55055 + -32811. Suppose -8*o - 316 = -w. Is o a composite number?
False
Suppose 16*c - 73 - 7 = 0. Is c - -12267 - (7 + 16/(-4)) prime?
True
Let r(s) = -24 + 29 + 377*s - 326*s - 972*s. Let t be r(-1). Suppose 4*o - 1358 = t. Is o prime?
True
Let v(u) = -35406213*u - 20588. Let t(m) = 5159*m + 3. Let j(c) = 20588*t(c) + 3*v(c). Is j(-1) a prime number?
True
Suppose 2*l = 3*g + 35690 + 4959, 5*g = -5*l + 101560. Is l a prime number?
False
Let i(r) = -r**3 + 4*r + 2. Let t be i(-2). Suppose t*h = 5*h - 5646. Suppose -4*o + 1523 = 5*b, 0*b = -5*o + b + h. Is o prime?
False
Let a = 607817 + -362664. Is a a prime number?
False
Let t(s) = s**2 - 15*s + 21. Let l be t(11). Is ((-13)/(-2))/(l/(-4646)) a composite number?
True
Let s = -70 + 130. Suppose -43*f = -38*f + s. Is 3/(9/f) - -29 prime?
False
Let a(q) = -70*q**2 + 5*q + 7. Let y(g) = -138*g**2 + 9*g + 14. Let m(s) = -13*a(s) + 6*y(s). Is m(-5) composite?
True
Suppose 0 = -q - 2*k + 5*k - 6, -16 = -4*k. Suppose 666 = q*z + 3318. Let d = z - -885. Is d a prime number?
True
Suppose -12*j + 57 = -27. Suppose 6472 = k + 2*d - j*d, 32334 = 5*k + d. Is k prime?
False
Suppose -4*d = -7*d. Suppose d = -2*f + 2 - 14. Is ((-6483)/(-6) + -2)*(-4)/f composite?
False
Let f(j) = 10057*j - 120. Let t(p) = -10056*p + 119. Let r(l) = 6*f(l) + 5*t(l). Is r(2) prime?
False
Let y(v) = -30*v + 3. Let s be y(1). Let j(x) = -2 + 29*x**2 + x**3 + 18*x + 2*x - 15. Is j(s) a composite number?
True
Suppose 580 = 5*w + 565. Suppose 0 = 3*l + 5*f - 43620 + 11940, -w*l + 31701 = -2*f. Is l composite?
True
Let c = 469 + -415. Suppose 35*r + 2641 = c*r. Is r prime?
True
Let h(c) = -5*c**2 - 23*c + 66. Let j(n) = 2*n**2 + 31*n - 11*n - 12*n - 22. Let b(o) = 3*h(o) + 8*j(o). Is b(-16) a composite number?
True
Suppose -17*i + 196529 + 71019 = -13*i. Is i composite?
True
Let t = -48 - -43. Let p be 2/(t*5/(-25)). Suppose 207 = 3*s - 3*w, p*w = 1 + 9. Is s composite?
True
Is (-168 - -167)*(-1 + (-3397392 - -2)) composite?
False
Is (-20)/110 - 2*420155/(-110) prime?
True
Let u(r) = -259*r - 53. Let y be u(-13). Is (207 + -206)/((-3312)/y - -1) composite?
False
Let u(h) = 3*h - 37. Let d be u(13). Is (-5440)/(-14) + d/(14/3) a composite number?
False
Let t = 326 - 252. Is (-5)/(-2)*2930 - t/(-37) a composite number?
True
Let x(b) = -b**3 - b**2 + 44*b + 9. Suppose -1649*w + 1652*w + 30 = 0. Is x(w) prime?
False
Let q = -15106 + 105167. Is q a prime number?
False
Let c = -225 + 603. Let m be (4/(-7) + 0)/((-36)/c). Suppose -3*w + 5499 = m*w. Is w a composite number?
True
Let h = -51 + 53. Suppose 147 = -h*y + 139. Is (-2352)/(-105) + y/30*3 a prime number?
False
Let y(s) = 2922*s**2 - 3*s + 22. Is y(3) composite?
True
Is 7/(42/4922) - 24/(-36) prime?
True
Let p(r) = 20*r + 25. Let b(z) = 59*z + 74. Let t(y) = -4*b(y) + 11*p(y). Suppose -3*d - 26*q + 21*q - 88 = 0, 3*q - 46 = 2*d. Is t(d) composite?
True
Is (-1)/3 + 4/(-14 - 31701276/(-2264373)) a prime number?
False
Let k(x) = x**2 - 43*x + 23. Suppose 0 = 9*w - 2*w + 126. Is k(w) prime?
False
Let u(q) = 2*q**3 - 54*q**2 + 5*q + 33. Let d be u(27). Let f(y) = 718*y - 13. Let c be f(2). Let t = c - d. Is t prime?
False
Let l(k) = -713*k - 7. Let h be (-1 - -2)*(-4 + -2)/6. Is l(h) prime?
False
Suppose -3*h + 296 = 3*f + f, -2*h + 196 = 3*f. Suppose -4*s + 5*s = 4, -s + h = -4*p. Is ((26940/p)/3)/(2/(-5)) a composite number?
True
Suppose 13*o - 10*o = 0, -512308 = -2*h - 2*h - 3*o. Is h a prime number?
False
Let u = 690246 - 363695. Is u a prime number?
False
Suppose 5*a + 5*a - 40 = 0. Is (-2)/a - 70873/(-22) composite?
False
Let l = -156 - -159. Suppose -d + 99 = -m + 266, 3*d + l = 0. Is m prime?
False
Let n be -1*8 + (8 + -13 - -3). Let k(a) = 4*a**2 + a + 11. Is k(n) prime?
True
Let r(u) = 104266*u + 599. Is r(3) a composite number?
True
Let c(k) = -6*k**2 - 301*k - 5. Let o be c(12). Let g = 10282 + -2244. Let u = g + o. Is u prime?
True
Let o be 1*(-51394)/70 + (12/20)/3. Let i be (75/(-4))/((-1)/68). Let u = i + o. Is u composite?
False
Let m = 1199 - -46370. Is m a prime number?
True
Suppose 339899 + 364651 + 2341458 = 24*b. Is b a prime number?
False
Let a(c) = c + 5. Let z be a(-5). Suppose 59*s - 43*s - 55696 = z. Is s composite?
True
Let s(g) = 597*g**2 - 19. Is s(-14) a prime number?
True
Is (-68464)/(-33)*78 + 0/(-1) + -5 a composite number?
True
Suppose -d = -m - 5*d - 16, 3*d = -4*m + 1. Suppose -5*b + 50 = m*p, -35 + 4 = -b - 5*p. Suppose -q = b*q - 4445. Is q prime?
False
Let g(v) = 9*v**2 + 10*v - 31. Let h be g(-7). Let n = -229 + h. Is n composite?
True
Let x(f) = 5465*f - 5697. Is x(14) prime?
False
Let w(t) = 8*t**2 + 5. Let j be 1/1*(-6 - -4). Let y be 2/j - (-4)/1. Is w(y) a composite number?
True
Let q(a) = 3658*a**3 + 2*a**2 + 33*a - 127. Is q(4) prime?
True
Let q(d) = d**3 + 16*d**2 + d + 22. Let h be q(-16). Suppose h*k - 27056 = 58120. Suppose -k = -3*m - 891. Is m a composite number?
True
Let s = -4041 - -8977. Suppose -10*k + 26434 + s = 0. Is k composite?
False
Let f(o) = -176*o + 15. Let j(m) = -527*m + 46. Let c(u) = -17*f(u) + 6*j(u). Is c(-8) prime?
True
Let m = 142482 - 58747. Is m a composite number?
True
Let b be 9/(-5) + 0 + 3/(-15). Is b + 3 - ((-2 - -5) + -5044) a composite number?
True
Suppose -17*r = 4*b - 16*r - 2242807, 2*b - 4*r = 1121408. Is b composite?
True
Let m(x) = x**2 + 5*x + 1. Let q(b) = -4*b**2 + 28*b. Let p(i) = 7*m(i) - q(i). Suppose -4*t = -9*c + 4*c + 26, 0 = -4*c - 5*t + 29. Is p(c) a prime number?
False
Suppose 1054770 = 5*m - u, -3*m + 2*u + 843822 = m. Is m a composite number?
True
Let w(q) = -2*q**3 + 227*q**2 - 82*q + 366. Is w(109) prime?
False
Let u = 217 - 212. Suppose 6*t = 2*i + 7*t - 67720, -2*i - u*t = -67712. Is i a composi